number?
True
Let s = -4019 + 8392. Is s a composite number?
False
Suppose -2*b - 5*g = -221376 + 55847, 9 = 3*g. Is b prime?
True
Suppose 0 = -2*z + 34202 + 59024. Is z a prime number?
False
Suppose -3897353 = -19*t + 346506. Is t prime?
True
Suppose -9954 = -7*r + 33901. Let j = r + -3648. Is j a composite number?
False
Suppose 3744336 + 9058617 = 62*n + 229663. Is n composite?
True
Suppose -13 = i - b, -2 = 4*i - b + 38. Let y(t) = -384*t + 1. Is y(i) a prime number?
True
Let m be (-355)/(-40)*6 - (-2)/(-8). Is 19*m - (-4 - 2 - -2) a composite number?
True
Let v(u) = 6*u**2 + 74*u - 1369. Is v(-98) a composite number?
False
Is (-111 + 65)/((-3)/36318*4) prime?
False
Is (-6)/(92 + -8) + 8916070/28 composite?
False
Let i(o) = 1308*o - 8. Let m be i(8). Suppose 4*h = 2*g + h - 5236, 2*h - m = -4*g. Let j = g + -1246. Is j a composite number?
True
Let g = 11007 - 6598. Is (g/3)/((-8 + 6)/(-6)) composite?
False
Let m be 1*-1211*((-33840)/(-70))/(-4). Is 1/4*2 + m/12 a prime number?
True
Suppose -104*q + 16667 + 9437 = 0. Is q a composite number?
False
Let q(w) = -2*w**3 - 23*w**2 - 74*w + 231. Is q(-34) a composite number?
False
Is 62598843/90 - (-39)/130 composite?
True
Suppose -z = -5*r + 2*r + 28, 4*z = 3*r - 40. Let u be ((-64)/20)/r + (-7234)/(-10). Is (u - (-2 - -4))*1 prime?
False
Let z(f) be the second derivative of -19*f**3/6 + 21*f**2/2 + 18*f. Let v(l) = 20*l - 21. Let t(q) = 2*v(q) + 3*z(q). Is t(-14) a prime number?
False
Suppose 4*r = 3*m + 3, 5*r - 2 = -3*m - 5. Suppose 3*s - 24*n + 19*n - 28693 = r, -38267 = -4*s - 3*n. Is s prime?
False
Let t(m) = m + 16. Let x be t(-16). Suppose x = 5*b - v - 17, -4*v + 44 = 5*b + 12. Suppose -5*l - 4*j + 574 = -6421, 2*j - 5596 = -b*l. Is l composite?
False
Let z(g) = -9*g**2 - 20*g - 8. Suppose 3*s - 9*s - 36 = 0. Let k(u) = 3*u**2 + 7*u + 3. Let q(f) = s*z(f) - 17*k(f). Is q(4) composite?
True
Let i be ((-4)/(-12))/(1/129). Let b = -42 + i. Is (-17 + b - (0 - -3))*-11 prime?
False
Let o(j) = -7855*j - 4183. Is o(-8) a prime number?
True
Let n = 1715 + 470. Suppose -g - n = 2252. Is ((-9)/(-27))/((-3)/g) composite?
True
Let p(x) = -10*x**3 - 25*x**2 + 4*x + 12. Let l be p(-6). Let m = -718 + 99. Let g = l + m. Is g prime?
False
Suppose -q + 4 - 1 = 0. Let v = 1661 + -1659. Suppose -w + q*h = -153, v*h = w + 2*w - 431. Is w composite?
True
Suppose 33*u - 312383 = -z + 30*u, 1561915 = 5*z - 2*u. Is z prime?
True
Is 93/31*(-549353)/(-21) a prime number?
True
Suppose -7*s + 15 = -4*s. Suppose 5*a = 3*n + 32558, 2*n - 19437 = -s*a + 13116. Is a composite?
True
Suppose -42*o - 55 = -47*o. Let r(f) = 3*f + 50. Is r(o) a composite number?
False
Is (32562894/(-8))/(-3) - (-30)/((-2400)/20) a prime number?
False
Suppose -17*c + 3*c = c. Suppose c = 3*j - 8*j + 4435. Is j a prime number?
True
Let j(g) = 2*g + 33. Let n be j(-15). Suppose x + n*x - 20 = 0. Is (2605/10)/(x/30) prime?
False
Suppose 2811*c - 2804*c - 19033 = 0. Is c a prime number?
True
Suppose 24*l = -17*l - 4*l. Suppose l = 7*t - 31*t + 17736. Is t a prime number?
True
Suppose 0 = -u - 0 - 1, 5 = -i + 2*u. Let q(y) = -y**3 + 2*y**2 + 12*y + 16. Is q(i) a composite number?
False
Let w(l) = 4*l**2 - 43*l - 6. Let s be w(11). Suppose -3*o + 13082 = -9*t + s*t, 3*o - 13070 = -2*t. Is o prime?
False
Suppose 4*b + 10*p - 2760133 = 5*p, -3*b - 3*p + 2070102 = 0. Is b prime?
True
Let s = -546 + 541. Is (-2 - s) + (-6 - 0) - -842 prime?
True
Let h = -23149 + 72831. Is h prime?
False
Let c(n) = 319*n + 10. Let h be 2316/(-60) + (-2)/5. Let q be h/(-15) + -3 + 51/15. Is c(q) a prime number?
True
Is 4/(100/1406305) + (-12)/10 prime?
False
Let u(r) = r**3 - r**2 - 21*r + 27. Suppose -5*z + 27 + 38 = 5*b, 2*b = -3*z + 31. Is u(b) a prime number?
True
Suppose 14*i - 1269949 + 1035087 = 1345500. Is i a composite number?
True
Suppose 8*f - 4*f = 3*t - 19, -3*f - 5*t + 22 = 0. Is f/4 + 8 + (-14895)/(-12) prime?
True
Let m(j) = j + 4. Let v(s) = 4*s + 13. Let b(k) = 14*m(k) - 4*v(k). Let l be b(4). Is (-6)/((6/(-4))/((-1077)/l)) a composite number?
True
Let y(o) = -30*o - 53. Let n(s) = 60*s + 108. Let v(f) = -3*n(f) - 7*y(f). Is v(12) composite?
True
Is (5 - 321027/(-27))/(7/63) a composite number?
True
Is (202846/(-6) + (-97 - -105))/(1/(-3)) composite?
False
Suppose 4*k + 3*y - 357424 = 0, y - 446769 = -2*k - 3*k. Is k a composite number?
True
Let f = 409962 + -139693. Is f prime?
True
Suppose 361638 = 29*j + 291340 - 2849799. Is j a composite number?
False
Suppose -3*d = -4*c + 6, 2*d + 8 = 4*c - 0*c. Suppose -4*n + d*a = 0, -n + 5*a = -0*n. Suppose g + n*g + 2304 = 3*x, -4*x + 3073 = -g. Is x composite?
False
Suppose -4*d - o = -118 + 9, 4*d - 3*o = 105. Suppose -2*y - d - 345 = 0. Let f = 817 + y. Is f composite?
False
Let b = -19159 - -402086. Is b prime?
False
Suppose -3*q - p = -4*q + 3398, -5*q = 3*p - 16998. Suppose 31*k - 34*k + q = 0. Suppose -1868 = -4*w + 4*m, 5*m + 199 = -2*w + k. Is w a prime number?
True
Suppose -8019 = -7*z + 4*z. Suppose -2*s + 50975 + z = 0. Suppose 6*x + 2*x = s. Is x prime?
False
Let c(r) = -4105*r - 513. Is c(-56) composite?
True
Let p(v) = 1304*v + 781. Is p(20) a composite number?
False
Suppose -119*s - 463831 = -4980000. Is s composite?
False
Suppose -j = -k - 7, 5*k + 39 = 2*j + 10. Suppose 2*w + n = 895, -n = 3*w + j*n - 1350. Is -3 + (w - (-2 - -1)) composite?
False
Suppose -86*p - 20 = -91*p. Suppose 0 = -2*z - 8, -12 = -5*x - 2*z. Suppose -f - p = 3*f, -894 = -2*r + x*f. Is r prime?
False
Suppose -o + 4*h = -156911, -155*o + 156915 = -154*o - 5*h. Is o composite?
True
Suppose j = -6*y + 3*y + 76, -j - 54 = -2*y. Let q(i) be the second derivative of i**4/12 - 3*i**3 - 63*i**2/2 - 4*i + 14. Is q(y) prime?
False
Suppose 3*p + 35*t - 37*t = 2086041, 3*t - 695347 = -p. Is p a prime number?
True
Let z(t) = t. Let l(m) = 8*m**2 - 22*m - 11. Let r(s) = l(s) + 2*z(s). Is r(-6) composite?
False
Let s = 14 + -12. Suppose 525 = s*f + f. Suppose -174*g - 1847 = -f*g. Is g composite?
False
Let n be ((-332)/2)/(-2)*(8 + -7). Let q = n - -74. Is q composite?
False
Suppose 3*u - 7 = -10, -4*r + 17 = -5*u. Is (r/2)/(12/35336) a prime number?
False
Let a = 207 + -182. Suppose -f + 5 = 0, -4*f = -20*d + a*d - 106365. Is d composite?
False
Let i be (1 - (1 - 4)) + 2929*1. Let a = i - 894. Is a a prime number?
True
Suppose -5263 + 1941 = 11*a. Let d = 1181 + a. Is d prime?
False
Suppose 10261 = -2*n - 4123. Let d = 20937 + n. Is d prime?
False
Is -683*(2/4)/((50/5)/(-2980)) prime?
False
Let v(z) = 6*z - z**2 + 3*z + 4*z + 3*z**2. Let c be v(-16). Suppose -1979 + c = -5*i. Is i a composite number?
True
Let g = -22992 + 11708. Let m = 19001 + g. Is m a prime number?
True
Let j = 5205 + -10897. Is j*((-2)/(-24))/((-16)/48) a prime number?
True
Suppose q = -139 + 24. Let k be 69/q + 3796/10. Suppose -7*h = -8*h + k. Is h a prime number?
True
Let y = -91 + 101. Let p(f) = -2*f**2 + 20*f - 5. Let u be p(y). Is (1*17/3)/(u/(-915)) a composite number?
True
Suppose 1243*b - 1241*b = 6. Suppose 3*s + 1312 = 2*h + 4861, 4*h + 3549 = 3*s. Suppose -q + 7*y - b*y = -381, -2*y - s = -3*q. Is q a prime number?
True
Is (16167/12)/(73/292) prime?
False
Let b(w) = -4089102*w - 115. Is b(-1) prime?
False
Let m = -12563 + 1959. Let z = m - -15355. Is z a composite number?
False
Let t = 24 - 0. Let y(l) = t*l + 10 + 15*l + 57*l. Is y(3) prime?
False
Let b = 865 - 861. Let p = -2 + 5. Suppose -2*f - p*t + 2246 = 0, 2*f - b*t - 1321 - 897 = 0. Is f a prime number?
True
Let m(d) be the second derivative of d**3 + 10*d**2 - 22*d. Let h be m(-5). Let p(f) = -238*f - 23. Is p(h) composite?
False
Let n(x) = 31*x**2 - 9*x - 1. Let f(l) = l**2 + l - 1. Let h(c) = 6*f(c) + n(c). Let p(m) = -184*m**2 + 16*m + 36. Let t(u) = 11*h(u) + 2*p(u). Is t(-4) prime?
False
Let z(v) = -11*v - 43. Let k be z(0). Let x = k - -200. Is x a prime number?
True
Suppose -5*y = 5*y - 50. Suppose -3*i + 3*b = 6*b - 49071, -3*i = -y*b - 49055. Is i prime?
False
Suppose 0 = 3*f + 5*v + 160 + 338, -9 = 3*v. Let z = f + 304. Is z a composite number?
True
Suppose 5*f = 471*x - 469*x - 276209, -5*f = -3*x + 414316. Is x prime?
True
Let x(l) = 30*l**2 - 15*l + 104. Is x(-15) composite?
False
Let p = -63 + 125. Suppose p*r - 54*r - 17192 = 0. Is r composite?
True
Let u(m) = 117*m**3 + m*